Dec 02 16:25:54.044 INFO testing smartpool-0.1.0 against master#8940af3cea4a9a9deabcaf843b2f8cad9a83fc61 for beta-1.31-5
Dec 02 16:25:54.044 INFO running `"docker" "create" "-v" "/mnt/big/crater/work/local/target-dirs/beta-1.31-5/worker-2/master#8940af3cea4a9a9deabcaf843b2f8cad9a83fc61:/target:rw,Z" "-v" "/mnt/big/crater/work/local/test-source/worker-2/beta-1.31-5/master#8940af3cea4a9a9deabcaf843b2f8cad9a83fc61:/source:ro,Z" "-v" "/mnt/big/crater/work/local/cargo-home:/cargo-home:ro,Z" "-v" "/mnt/big/crater/work/local/rustup-home:/rustup-home:ro,Z" "-e" "USER_ID=1000" "-e" "SOURCE_DIR=/source" "-e" "USER_ID=1000" "-e" "CMD=cargo +8940af3cea4a9a9deabcaf843b2f8cad9a83fc61-alt build --frozen" "-e" "CARGO_TARGET_DIR=/target" "-e" "CARGO_INCREMENTAL=0" "-e" "RUST_BACKTRACE=full" "-e" "RUSTFLAGS=--cap-lints=warn" "-e" "CARGO_HOME=/cargo-home" "-e" "RUSTUP_HOME=/rustup-home" "-m" "1536M" "--network" "none" "crater"`
Dec 02 16:25:54.544 INFO [stdout] cf9d174c73d9f536ca6da0d02db4aacf57a39e07df06ad6bff699b0f044d1ba8
Dec 02 16:25:54.555 INFO running `"docker" "start" "-a" "cf9d174c73d9f536ca6da0d02db4aacf57a39e07df06ad6bff699b0f044d1ba8"`
Dec 02 16:25:55.878 INFO [stderr] usermod: no changes
Dec 02 16:25:56.067 INFO [stderr]    Compiling monitor v0.1.0
Dec 02 16:25:56.073 INFO [stderr]    Compiling through v0.1.0
Dec 02 16:25:56.073 INFO [stderr]    Compiling atomic v0.4.1
Dec 02 16:25:56.079 INFO [stderr]    Compiling stopwatch v0.0.7
Dec 02 16:25:57.263 INFO [stderr]    Compiling atomicmonitor v0.1.2
Dec 02 16:25:57.679 INFO [stderr]    Compiling smallqueue v0.1.0
Dec 02 16:25:59.119 INFO [stderr]    Compiling smartpool v0.1.0 (/source)
Dec 02 16:26:02.828 INFO [stderr]     Finished dev [unoptimized + debuginfo] target(s) in 6.91s
Dec 02 16:26:02.829 INFO [stderr] su: No module specific data is present
Dec 02 16:26:03.830 INFO running `"docker" "inspect" "cf9d174c73d9f536ca6da0d02db4aacf57a39e07df06ad6bff699b0f044d1ba8"`
Dec 02 16:26:04.041 INFO running `"docker" "rm" "-f" "cf9d174c73d9f536ca6da0d02db4aacf57a39e07df06ad6bff699b0f044d1ba8"`
Dec 02 16:26:04.367 INFO [stdout] cf9d174c73d9f536ca6da0d02db4aacf57a39e07df06ad6bff699b0f044d1ba8
Dec 02 16:26:04.371 INFO running `"docker" "create" "-v" "/mnt/big/crater/work/local/target-dirs/beta-1.31-5/worker-2/master#8940af3cea4a9a9deabcaf843b2f8cad9a83fc61:/target:rw,Z" "-v" "/mnt/big/crater/work/local/test-source/worker-2/beta-1.31-5/master#8940af3cea4a9a9deabcaf843b2f8cad9a83fc61:/source:ro,Z" "-v" "/mnt/big/crater/work/local/cargo-home:/cargo-home:ro,Z" "-v" "/mnt/big/crater/work/local/rustup-home:/rustup-home:ro,Z" "-e" "USER_ID=1000" "-e" "SOURCE_DIR=/source" "-e" "USER_ID=1000" "-e" "CMD=cargo +8940af3cea4a9a9deabcaf843b2f8cad9a83fc61-alt test --frozen --no-run" "-e" "CARGO_TARGET_DIR=/target" "-e" "CARGO_INCREMENTAL=0" "-e" "RUST_BACKTRACE=full" "-e" "RUSTFLAGS=--cap-lints=warn" "-e" "CARGO_HOME=/cargo-home" "-e" "RUSTUP_HOME=/rustup-home" "-m" "1536M" "--network" "none" "crater"`
Dec 02 16:26:04.872 INFO [stdout] 3fb9876c38ff329e635666030d657e8417e9083ae7440964ab91394dd0c8711b
Dec 02 16:26:04.874 INFO running `"docker" "start" "-a" "3fb9876c38ff329e635666030d657e8417e9083ae7440964ab91394dd0c8711b"`
Dec 02 16:26:06.319 INFO [stderr] usermod: no changes
Dec 02 16:26:06.477 INFO [stderr]    Compiling chrono v0.4.6
Dec 02 16:26:10.015 INFO [stderr]    Compiling pretty_env_logger v0.2.5
Dec 02 16:26:12.427 INFO [stderr]    Compiling smartpool v0.1.0 (/source)
Dec 02 16:26:24.097 INFO [stderr]     Finished dev [unoptimized + debuginfo] target(s) in 17.75s
Dec 02 16:26:24.104 INFO [stderr] su: No module specific data is present
Dec 02 16:26:24.726 INFO running `"docker" "inspect" "3fb9876c38ff329e635666030d657e8417e9083ae7440964ab91394dd0c8711b"`
Dec 02 16:26:24.870 INFO running `"docker" "rm" "-f" "3fb9876c38ff329e635666030d657e8417e9083ae7440964ab91394dd0c8711b"`
Dec 02 16:26:25.015 INFO [stdout] 3fb9876c38ff329e635666030d657e8417e9083ae7440964ab91394dd0c8711b
Dec 02 16:26:25.021 INFO running `"docker" "create" "-v" "/mnt/big/crater/work/local/target-dirs/beta-1.31-5/worker-2/master#8940af3cea4a9a9deabcaf843b2f8cad9a83fc61:/target:rw,Z" "-v" "/mnt/big/crater/work/local/test-source/worker-2/beta-1.31-5/master#8940af3cea4a9a9deabcaf843b2f8cad9a83fc61:/source:ro,Z" "-v" "/mnt/big/crater/work/local/cargo-home:/cargo-home:ro,Z" "-v" "/mnt/big/crater/work/local/rustup-home:/rustup-home:ro,Z" "-e" "USER_ID=1000" "-e" "SOURCE_DIR=/source" "-e" "USER_ID=1000" "-e" "CMD=cargo +8940af3cea4a9a9deabcaf843b2f8cad9a83fc61-alt test --frozen" "-e" "CARGO_TARGET_DIR=/target" "-e" "CARGO_INCREMENTAL=0" "-e" "RUST_BACKTRACE=full" "-e" "RUSTFLAGS=--cap-lints=warn" "-e" "CARGO_HOME=/cargo-home" "-e" "RUSTUP_HOME=/rustup-home" "-m" "1536M" "--network" "none" "crater"`
Dec 02 16:26:25.363 INFO [stdout] 29f53d2b7172be3b999b0b52cbeee9c20042a54bf3655c1f9eb3dda0f72e55e5
Dec 02 16:26:25.365 INFO running `"docker" "start" "-a" "29f53d2b7172be3b999b0b52cbeee9c20042a54bf3655c1f9eb3dda0f72e55e5"`
Dec 02 16:26:26.623 INFO [stderr] usermod: no changes
Dec 02 16:26:26.807 INFO [stderr]     Finished dev [unoptimized + debuginfo] target(s) in 0.14s
Dec 02 16:26:26.814 INFO [stderr]      Running /target/debug/deps/smartpool-666e5d2e8b614833
Dec 02 16:26:26.816 INFO [stdout] 
Dec 02 16:26:26.816 INFO [stdout] running 10 tests
Dec 02 16:26:26.821 INFO [stdout] test test::fail_on_too_many_bits ... ok
Dec 02 16:26:26.920 INFO [stdout] test test::simple_threadpool_test ... ok
Dec 02 16:26:26.920 INFO [stdout] test test::simple_threadpool_test_round_robin ... ok
Dec 02 16:26:27.035 INFO [stdout] test test::timer_and_yield_test ... ok
Dec 02 16:26:27.917 INFO [stdout] test test::scoped_op_test ... ok
Dec 02 16:26:28.371 INFO [stdout] test test::close_test ... ok
Dec 02 16:26:29.095 INFO [stdout] test test::test_slicing ... FAILED
Dec 02 16:26:29.935 INFO [stdout] test test::multi_level_test ... ok
Dec 02 16:26:51.329 INFO [stdout] test channel::test::fifo_test ... ok
Dec 02 16:26:55.604 INFO [stdout] test channel::test::sdf_test ... ok
Dec 02 16:26:55.605 INFO [stdout] 
Dec 02 16:26:55.605 INFO [stdout] failures:
Dec 02 16:26:55.605 INFO [stdout] 
Dec 02 16:26:55.605 INFO [stdout] ---- test::test_slicing stdout ----
Dec 02 16:26:55.605 INFO [stdout] thread 'test::test_slicing' panicked at '1.3442533 !< 1.1', src/test.rs:726:9
Dec 02 16:26:55.605 INFO [stdout] stack backtrace:
Dec 02 16:26:55.605 INFO [stdout]    0:     0x563ad66b346f - std::sys::unix::backtrace::tracing::imp::unwind_backtrace::h3a8b83e1922cbdde
Dec 02 16:26:55.605 INFO [stdout]                                at libstd/sys/unix/backtrace/tracing/gcc_s.rs:49
Dec 02 16:26:55.605 INFO [stdout]    1:     0x563ad66bc4b7 - std::sys_common::backtrace::print::h00d3155a29b4020f
Dec 02 16:26:55.605 INFO [stdout]                                at libstd/sys_common/backtrace.rs:71
Dec 02 16:26:55.605 INFO [stdout]                                at libstd/sys_common/backtrace.rs:59
Dec 02 16:26:55.605 INFO [stdout]    2:     0x563ad66b719f - std::panicking::default_hook::{{closure}}::hd7465c742e79e1bb
Dec 02 16:26:55.605 INFO [stdout]                                at libstd/panicking.rs:211
Dec 02 16:26:55.605 INFO [stdout]    3:     0x563ad66b6e9e - std::panicking::default_hook::h9e3966f2aa2a6e12
Dec 02 16:26:55.605 INFO [stdout]                                at libstd/panicking.rs:221
Dec 02 16:26:55.605 INFO [stdout]    4:     0x563ad66b787e - std::panicking::rust_panic_with_hook::h587f091ae747d080
Dec 02 16:26:55.605 INFO [stdout]                                at libstd/panicking.rs:476
Dec 02 16:26:55.605 INFO [stdout]    5:     0x563ad66b7421 - std::panicking::continue_panic_fmt::hb3a4fdede87f43a8
Dec 02 16:26:55.605 INFO [stdout]                                at libstd/panicking.rs:390
Dec 02 16:26:55.605 INFO [stdout]    6:     0x563ad66b736e - std::panicking::begin_panic_fmt::h387afc7da9a10555
Dec 02 16:26:55.605 INFO [stdout]                                at libstd/panicking.rs:345
Dec 02 16:26:55.605 INFO [stdout]    7:     0x563ad63e59e8 - smartpool::test::test_slicing::{{closure}}::hf2917da2beebaabd
Dec 02 16:26:55.605 INFO [stdout]                                at src/test.rs:726
Dec 02 16:26:55.605 INFO [stdout]    8:     0x563ad63e5749 - smartpool::test::test_slicing::h1a2af1701c319847
Dec 02 16:26:55.605 INFO [stdout]                                at src/test.rs:728
Dec 02 16:26:55.605 INFO [stdout]    9:     0x563ad63e4d59 - smartpool::test::test_slicing::{{closure}}::h2a8f26837944f5f6
Dec 02 16:26:55.605 INFO [stdout]                                at src/test.rs:700
Dec 02 16:26:55.605 INFO [stdout]   10:     0x563ad63f83dd - core::ops::function::FnOnce::call_once::hde09d7d87a59eed4
Dec 02 16:26:55.605 INFO [stdout]                                at libcore/ops/function.rs:238
Dec 02 16:26:55.605 INFO [stdout]   11:     0x563ad648cb3e - <F as alloc::boxed::FnBox<A>>::call_box::hac903f91577a156c
Dec 02 16:26:55.605 INFO [stdout]                                at libtest/lib.rs:1468
Dec 02 16:26:55.605 INFO [stdout]                                at libcore/ops/function.rs:238
Dec 02 16:26:55.605 INFO [stdout]                                at liballoc/boxed.rs:672
Dec 02 16:26:55.605 INFO [stdout]   12:     0x563ad66c7469 - __rust_maybe_catch_panic
Dec 02 16:26:55.605 INFO [stdout]                                at libpanic_unwind/lib.rs:102
Dec 02 16:26:55.605 INFO [stdout]   13:     0x563ad64ae792 - std::sys_common::backtrace::__rust_begin_short_backtrace::hb8f0d0309526c184
Dec 02 16:26:55.605 INFO [stdout]                                at libstd/panicking.rs:289
Dec 02 16:26:55.605 INFO [stdout]                                at libstd/panic.rs:392
Dec 02 16:26:55.605 INFO [stdout]                                at libtest/lib.rs:1423
Dec 02 16:26:55.605 INFO [stdout]                                at libstd/sys_common/backtrace.rs:136
Dec 02 16:26:55.605 INFO [stdout]   14:     0x563ad64af244 - std::panicking::try::do_call::hc2f7c8b9a348d8db
Dec 02 16:26:55.605 INFO [stdout]                                at libstd/thread/mod.rs:409
Dec 02 16:26:55.605 INFO [stdout]                                at libstd/panic.rs:313
Dec 02 16:26:55.605 INFO [stdout]                                at libstd/panicking.rs:310
Dec 02 16:26:55.605 INFO [stdout]   15:     0x563ad66c7469 - __rust_maybe_catch_panic
Dec 02 16:26:55.605 INFO [stdout]                                at libpanic_unwind/lib.rs:102
Dec 02 16:26:55.605 INFO [stdout]   16:     0x563ad649c47c - <F as alloc::boxed::FnBox<A>>::call_box::h6bfded618e480b32
Dec 02 16:26:55.605 INFO [stdout]                                at libstd/panicking.rs:289
Dec 02 16:26:55.605 INFO [stdout]                                at libstd/panic.rs:392
Dec 02 16:26:55.605 INFO [stdout]                                at libstd/thread/mod.rs:408
Dec 02 16:26:55.605 INFO [stdout]                                at liballoc/boxed.rs:672
Dec 02 16:26:55.605 INFO [stdout]   17:     0x563ad66b508d - std::sys_common::thread::start_thread::h4c28257d67cdf9cb
Dec 02 16:26:55.605 INFO [stdout]                                at liballoc/boxed.rs:682
Dec 02 16:26:55.605 INFO [stdout]                                at libstd/sys_common/thread.rs:24
Dec 02 16:26:55.605 INFO [stdout]   18:     0x563ad66a9a35 - std::sys::unix::thread::Thread::new::thread_start::hfecb2e7eff8fd34f
Dec 02 16:26:55.605 INFO [stdout]                                at libstd/sys/unix/thread.rs:90
Dec 02 16:26:55.605 INFO [stdout]   19:     0x7fd873eee6b9 - start_thread
Dec 02 16:26:55.605 INFO [stdout]   20:     0x7fd873a0e41c - clone
Dec 02 16:26:55.605 INFO [stdout]   21:                0x0 - <unknown>
Dec 02 16:26:55.605 INFO [stdout] 
Dec 02 16:26:55.605 INFO [stdout] 
Dec 02 16:26:55.605 INFO [stdout] failures:
Dec 02 16:26:55.605 INFO [stdout]     test::test_slicing
Dec 02 16:26:55.605 INFO [stdout] 
Dec 02 16:26:55.605 INFO [stdout] test result: FAILED. 9 passed; 1 failed; 0 ignored; 0 measured; 0 filtered out
Dec 02 16:26:55.605 INFO [stdout] 
Dec 02 16:26:55.611 INFO [stderr] error: test failed, to rerun pass '--lib'
Dec 02 16:26:55.612 INFO [stderr] su: No module specific data is present
Dec 02 16:26:56.894 INFO running `"docker" "inspect" "29f53d2b7172be3b999b0b52cbeee9c20042a54bf3655c1f9eb3dda0f72e55e5"`
Dec 02 16:26:57.237 INFO running `"docker" "rm" "-f" "29f53d2b7172be3b999b0b52cbeee9c20042a54bf3655c1f9eb3dda0f72e55e5"`
Dec 02 16:26:57.555 INFO [stdout] 29f53d2b7172be3b999b0b52cbeee9c20042a54bf3655c1f9eb3dda0f72e55e5
